{"id":56,"date":"2021-04-27T20:47:08","date_gmt":"2021-04-27T17:47:08","guid":{"rendered":"https:\/\/solutionsteps.wordpress.com\/?page_id=56"},"modified":"2021-04-27T20:47:08","modified_gmt":"2021-04-27T17:47:08","slug":"matematiikkaterapia","status":"publish","type":"page","link":"https:\/\/solutionsteps.fi\/index.php\/matematiikkaterapia\/","title":{"rendered":"Matematiikkaterapia"},"content":{"rendered":"\n<div class=\"wp-block-image\"><figure class=\"aligncenter size-large is-resized\"><img loading=\"lazy\" decoding=\"async\" src=\"https:\/\/solutionsteps.files.wordpress.com\/2021\/04\/matematiikkaterapia.jpg?w=750\" alt=\"\" class=\"wp-image-112\" width=\"348\" height=\"232\" srcset=\"https:\/\/solutionsteps.fi\/wp-content\/uploads\/2021\/04\/matematiikkaterapia.jpg 1280w, https:\/\/solutionsteps.fi\/wp-content\/uploads\/2021\/04\/matematiikkaterapia-300x200.jpg 300w, https:\/\/solutionsteps.fi\/wp-content\/uploads\/2021\/04\/matematiikkaterapia-1024x682.jpg 1024w, https:\/\/solutionsteps.fi\/wp-content\/uploads\/2021\/04\/matematiikkaterapia-768x512.jpg 768w\" sizes=\"auto, (max-width: 348px) 100vw, 348px\" \/><\/figure><\/div>\n\n\n\n<p class=\"has-light-gray-background-color has-background has-small-font-size\">Matematiikkaterapiassa kuntoutetaan perusopetuksen luokkien 1.-6.oppilaita, joilla ilmenee suuria vaikeuksia matematiikan keskeisiss\u00e4 oppisis\u00e4ll\u00f6iss\u00e4. Matemattiikaterapiassa lapsen ja nuoren kanssa ty\u00f6stet\u00e4\u00e4n puuttuvia matematiikan keskeisi\u00e4 taitoja konkreettisen materiaalin avulla. Matematiikan ollessa hierarkisesti rakentuva oppi-aine hy\u00f6tyv\u00e4t matematiikkaterapiasta my\u00f6s yl\u00e4-asteen oppilaat, joilla matematiikan taidoissa on aukkoja.<\/p>\n\n\n\n<p class=\"has-light-gray-background-color has-background has-small-font-size\">Matematikkaterapian alussa tehd\u00e4\u00e4n kartoitus, jonka avulla eteneminen suunnitellaan. Terapiaa jatketaan kunnes lapsi p\u00e4\u00e4see luokkansa tasolle ja pystyy jatkamaan luokassa matematiikan opiskeluaan. Matematiikkaterapiassa k\u00e4ytet\u00e4\u00e4n paljon havainnollistavia&nbsp; materiaaleja.<\/p>\n\n\n\n<p class=\"has-light-gray-background-color has-background has-small-font-size\">Matematiikkaterapia on kehitelty G\u00f6ttingen Yliopiston matematiikkaklinikalla ja sen on Suomeen tuonut Maria Dr\u00e4ger.<\/p>\n\n\n\n<p class=\"has-light-gray-background-color has-background has-small-font-size\">On aika korjata v\u00e4\u00e4r\u00e4 uskomus huonosta ja hyv\u00e4st\u00e4 matikkap\u00e4\u00e4st\u00e4. Oikealla tuella lapsen on mahdollista p\u00e4\u00e4st\u00e4 matematiikan taidoissa oikealle tasolle.<\/p>\n\n\n\n<p class=\"has-light-gray-background-color has-background has-small-font-size\">Lis\u00e4tietoa matematiikan oppimisen vaikeuksista sek\u00e4 Unkarilaisesta toiminnallisesta matematiikasta. <br>Linkki:&nbsp;<a>www.lukimat.fi<\/a><br>Linkki:&nbsp;<a href=\"http:\/\/www.varganemenyi.fi\/\">www.varganemenyi.fi<\/a><\/p>\n\n\n\n<p>&nbsp;<\/p>\n\n\n\n<p class=\"has-dark-gray-color has-light-gray-background-color has-text-color has-background has-small-font-size\">Matematiikan taitojen kuntoutukseen sis\u00e4ltyy taitojen ja ongelmakohtien alkukartoitus. Kuntouttavaan matematiikkaan suunnitellaan tapauskohtaisesti tapaamiskerrat.<\/p>\n\n\n\n<p class=\"has-dark-gray-color has-light-gray-background-color has-text-color has-background has-small-font-size\">5 krt \/250e<br>10 krt\/500e<\/p>\n\n\n\n<figure class=\"wp-block-image size-large is-resized\"><img loading=\"lazy\" decoding=\"async\" src=\"https:\/\/solutionsteps.files.wordpress.com\/2021\/04\/matematiikkaterapia2.jpg?w=750\" alt=\"\" class=\"wp-image-113\" width=\"274\" height=\"182\" srcset=\"https:\/\/solutionsteps.fi\/wp-content\/uploads\/2021\/04\/matematiikkaterapia2.jpg 1280w, https:\/\/solutionsteps.fi\/wp-content\/uploads\/2021\/04\/matematiikkaterapia2-300x200.jpg 300w, https:\/\/solutionsteps.fi\/wp-content\/uploads\/2021\/04\/matematiikkaterapia2-1024x682.jpg 1024w, https:\/\/solutionsteps.fi\/wp-content\/uploads\/2021\/04\/matematiikkaterapia2-768x511.jpg 768w\" sizes=\"auto, (max-width: 274px) 100vw, 274px\" \/><\/figure>\n\n\n\n<p><\/p>\n","protected":false},"excerpt":{"rendered":"<p>Matematiikkaterapiassa kuntoutetaan perusopetuksen luokkien 1.-6.oppilaita, joilla ilmenee suuria vaikeuksia matematiikan keskeisiss\u00e4 oppisis\u00e4ll\u00f6iss\u00e4. Matemattiikaterapiassa lapsen ja nuoren kanssa ty\u00f6stet\u00e4\u00e4n puuttuvia matematiikan keskeisi\u00e4 taitoja konkreettisen materiaalin avulla. Matematiikan ollessa hierarkisesti rakentuva oppi-aine hy\u00f6tyv\u00e4t matematiikkaterapiasta my\u00f6s yl\u00e4-asteen oppilaat, joilla matematiikan taidoissa on aukkoja. Matematikkaterapian alussa tehd\u00e4\u00e4n kartoitus, jonka avulla eteneminen suunnitellaan. Terapiaa jatketaan kunnes lapsi p\u00e4\u00e4see luokkansa tasolle &hellip; <a href=\"https:\/\/solutionsteps.fi\/index.php\/matematiikkaterapia\/\" class=\"more-link\">Jatka artikkeliin <span class=\"screen-reader-text\">Matematiikkaterapia<\/span><\/a><\/p>\n","protected":false},"author":1,"featured_media":0,"parent":0,"menu_order":0,"comment_status":"closed","ping_status":"closed","template":"","meta":{"footnotes":""},"class_list":["post-56","page","type-page","status-publish","hentry"],"yoast_head":"<!-- This site is optimized with the Yoast SEO plugin v27.4 - https:\/\/yoast.com\/product\/yoast-seo-wordpress\/ -->\n<title>Matematiikkaterapia - Solution Steps<\/title>\n<meta name=\"robots\" content=\"index, follow, max-snippet:-1, max-image-preview:large, max-video-preview:-1\" \/>\n<link rel=\"canonical\" href=\"https:\/\/solutionsteps.fi\/index.php\/matematiikkaterapia\/\" \/>\n<meta property=\"og:locale\" content=\"fi_FI\" \/>\n<meta property=\"og:type\" content=\"article\" \/>\n<meta property=\"og:title\" content=\"Matematiikkaterapia - Solution Steps\" \/>\n<meta property=\"og:description\" content=\"Matematiikkaterapiassa kuntoutetaan perusopetuksen luokkien 1.-6.oppilaita, joilla ilmenee suuria vaikeuksia matematiikan keskeisiss\u00e4 oppisis\u00e4ll\u00f6iss\u00e4. Matemattiikaterapiassa lapsen ja nuoren kanssa ty\u00f6stet\u00e4\u00e4n puuttuvia matematiikan keskeisi\u00e4 taitoja konkreettisen materiaalin avulla. Matematiikan ollessa hierarkisesti rakentuva oppi-aine hy\u00f6tyv\u00e4t matematiikkaterapiasta my\u00f6s yl\u00e4-asteen oppilaat, joilla matematiikan taidoissa on aukkoja. Matematikkaterapian alussa tehd\u00e4\u00e4n kartoitus, jonka avulla eteneminen suunnitellaan. Terapiaa jatketaan kunnes lapsi p\u00e4\u00e4see luokkansa tasolle &hellip; Jatka artikkeliin Matematiikkaterapia\" \/>\n<meta property=\"og:url\" content=\"https:\/\/solutionsteps.fi\/index.php\/matematiikkaterapia\/\" \/>\n<meta property=\"og:site_name\" content=\"Solution Steps\" \/>\n<meta property=\"og:image\" content=\"https:\/\/solutionsteps.files.wordpress.com\/2021\/04\/matematiikkaterapia.jpg?w=750\" \/>\n<meta name=\"twitter:card\" content=\"summary_large_image\" \/>\n<meta name=\"twitter:label1\" content=\"Arvioitu lukuaika\" \/>\n\t<meta name=\"twitter:data1\" content=\"1 minuutti\" \/>\n<script type=\"application\/ld+json\" class=\"yoast-schema-graph\">{\"@context\":\"https:\\\/\\\/schema.org\",\"@graph\":[{\"@type\":\"WebPage\",\"@id\":\"https:\\\/\\\/solutionsteps.fi\\\/index.php\\\/matematiikkaterapia\\\/\",\"url\":\"https:\\\/\\\/solutionsteps.fi\\\/index.php\\\/matematiikkaterapia\\\/\",\"name\":\"Matematiikkaterapia - Solution Steps\",\"isPartOf\":{\"@id\":\"https:\\\/\\\/solutionsteps.fi\\\/#website\"},\"primaryImageOfPage\":{\"@id\":\"https:\\\/\\\/solutionsteps.fi\\\/index.php\\\/matematiikkaterapia\\\/#primaryimage\"},\"image\":{\"@id\":\"https:\\\/\\\/solutionsteps.fi\\\/index.php\\\/matematiikkaterapia\\\/#primaryimage\"},\"thumbnailUrl\":\"https:\\\/\\\/solutionsteps.files.wordpress.com\\\/2021\\\/04\\\/matematiikkaterapia.jpg?w=750\",\"datePublished\":\"2021-04-27T17:47:08+00:00\",\"breadcrumb\":{\"@id\":\"https:\\\/\\\/solutionsteps.fi\\\/index.php\\\/matematiikkaterapia\\\/#breadcrumb\"},\"inLanguage\":\"fi\",\"potentialAction\":[{\"@type\":\"ReadAction\",\"target\":[\"https:\\\/\\\/solutionsteps.fi\\\/index.php\\\/matematiikkaterapia\\\/\"]}]},{\"@type\":\"ImageObject\",\"inLanguage\":\"fi\",\"@id\":\"https:\\\/\\\/solutionsteps.fi\\\/index.php\\\/matematiikkaterapia\\\/#primaryimage\",\"url\":\"https:\\\/\\\/solutionsteps.files.wordpress.com\\\/2021\\\/04\\\/matematiikkaterapia.jpg?w=750\",\"contentUrl\":\"https:\\\/\\\/solutionsteps.files.wordpress.com\\\/2021\\\/04\\\/matematiikkaterapia.jpg?w=750\"},{\"@type\":\"BreadcrumbList\",\"@id\":\"https:\\\/\\\/solutionsteps.fi\\\/index.php\\\/matematiikkaterapia\\\/#breadcrumb\",\"itemListElement\":[{\"@type\":\"ListItem\",\"position\":1,\"name\":\"Etusivu\",\"item\":\"https:\\\/\\\/solutionsteps.fi\\\/\"},{\"@type\":\"ListItem\",\"position\":2,\"name\":\"Matematiikkaterapia\"}]},{\"@type\":\"WebSite\",\"@id\":\"https:\\\/\\\/solutionsteps.fi\\\/#website\",\"url\":\"https:\\\/\\\/solutionsteps.fi\\\/\",\"name\":\"Solution Steps\",\"description\":\"Terapia ja hyvinvointipalvelut\",\"potentialAction\":[{\"@type\":\"SearchAction\",\"target\":{\"@type\":\"EntryPoint\",\"urlTemplate\":\"https:\\\/\\\/solutionsteps.fi\\\/?s={search_term_string}\"},\"query-input\":{\"@type\":\"PropertyValueSpecification\",\"valueRequired\":true,\"valueName\":\"search_term_string\"}}],\"inLanguage\":\"fi\"}]}<\/script>\n<!-- \/ Yoast SEO plugin. -->","yoast_head_json":{"title":"Matematiikkaterapia - Solution Steps","robots":{"index":"index","follow":"follow","max-snippet":"max-snippet:-1","max-image-preview":"max-image-preview:large","max-video-preview":"max-video-preview:-1"},"canonical":"https:\/\/solutionsteps.fi\/index.php\/matematiikkaterapia\/","og_locale":"fi_FI","og_type":"article","og_title":"Matematiikkaterapia - Solution Steps","og_description":"Matematiikkaterapiassa kuntoutetaan perusopetuksen luokkien 1.-6.oppilaita, joilla ilmenee suuria vaikeuksia matematiikan keskeisiss\u00e4 oppisis\u00e4ll\u00f6iss\u00e4. Matemattiikaterapiassa lapsen ja nuoren kanssa ty\u00f6stet\u00e4\u00e4n puuttuvia matematiikan keskeisi\u00e4 taitoja konkreettisen materiaalin avulla. Matematiikan ollessa hierarkisesti rakentuva oppi-aine hy\u00f6tyv\u00e4t matematiikkaterapiasta my\u00f6s yl\u00e4-asteen oppilaat, joilla matematiikan taidoissa on aukkoja. Matematikkaterapian alussa tehd\u00e4\u00e4n kartoitus, jonka avulla eteneminen suunnitellaan. Terapiaa jatketaan kunnes lapsi p\u00e4\u00e4see luokkansa tasolle &hellip; Jatka artikkeliin Matematiikkaterapia","og_url":"https:\/\/solutionsteps.fi\/index.php\/matematiikkaterapia\/","og_site_name":"Solution Steps","og_image":[{"url":"https:\/\/solutionsteps.files.wordpress.com\/2021\/04\/matematiikkaterapia.jpg?w=750","type":"","width":"","height":""}],"twitter_card":"summary_large_image","twitter_misc":{"Arvioitu lukuaika":"1 minuutti"},"schema":{"@context":"https:\/\/schema.org","@graph":[{"@type":"WebPage","@id":"https:\/\/solutionsteps.fi\/index.php\/matematiikkaterapia\/","url":"https:\/\/solutionsteps.fi\/index.php\/matematiikkaterapia\/","name":"Matematiikkaterapia - Solution Steps","isPartOf":{"@id":"https:\/\/solutionsteps.fi\/#website"},"primaryImageOfPage":{"@id":"https:\/\/solutionsteps.fi\/index.php\/matematiikkaterapia\/#primaryimage"},"image":{"@id":"https:\/\/solutionsteps.fi\/index.php\/matematiikkaterapia\/#primaryimage"},"thumbnailUrl":"https:\/\/solutionsteps.files.wordpress.com\/2021\/04\/matematiikkaterapia.jpg?w=750","datePublished":"2021-04-27T17:47:08+00:00","breadcrumb":{"@id":"https:\/\/solutionsteps.fi\/index.php\/matematiikkaterapia\/#breadcrumb"},"inLanguage":"fi","potentialAction":[{"@type":"ReadAction","target":["https:\/\/solutionsteps.fi\/index.php\/matematiikkaterapia\/"]}]},{"@type":"ImageObject","inLanguage":"fi","@id":"https:\/\/solutionsteps.fi\/index.php\/matematiikkaterapia\/#primaryimage","url":"https:\/\/solutionsteps.files.wordpress.com\/2021\/04\/matematiikkaterapia.jpg?w=750","contentUrl":"https:\/\/solutionsteps.files.wordpress.com\/2021\/04\/matematiikkaterapia.jpg?w=750"},{"@type":"BreadcrumbList","@id":"https:\/\/solutionsteps.fi\/index.php\/matematiikkaterapia\/#breadcrumb","itemListElement":[{"@type":"ListItem","position":1,"name":"Etusivu","item":"https:\/\/solutionsteps.fi\/"},{"@type":"ListItem","position":2,"name":"Matematiikkaterapia"}]},{"@type":"WebSite","@id":"https:\/\/solutionsteps.fi\/#website","url":"https:\/\/solutionsteps.fi\/","name":"Solution Steps","description":"Terapia ja hyvinvointipalvelut","potentialAction":[{"@type":"SearchAction","target":{"@type":"EntryPoint","urlTemplate":"https:\/\/solutionsteps.fi\/?s={search_term_string}"},"query-input":{"@type":"PropertyValueSpecification","valueRequired":true,"valueName":"search_term_string"}}],"inLanguage":"fi"}]}},"_links":{"self":[{"href":"https:\/\/solutionsteps.fi\/index.php\/wp-json\/wp\/v2\/pages\/56","targetHints":{"allow":["GET"]}}],"collection":[{"href":"https:\/\/solutionsteps.fi\/index.php\/wp-json\/wp\/v2\/pages"}],"about":[{"href":"https:\/\/solutionsteps.fi\/index.php\/wp-json\/wp\/v2\/types\/page"}],"author":[{"embeddable":true,"href":"https:\/\/solutionsteps.fi\/index.php\/wp-json\/wp\/v2\/users\/1"}],"replies":[{"embeddable":true,"href":"https:\/\/solutionsteps.fi\/index.php\/wp-json\/wp\/v2\/comments?post=56"}],"version-history":[{"count":0,"href":"https:\/\/solutionsteps.fi\/index.php\/wp-json\/wp\/v2\/pages\/56\/revisions"}],"wp:attachment":[{"href":"https:\/\/solutionsteps.fi\/index.php\/wp-json\/wp\/v2\/media?parent=56"}],"curies":[{"name":"wp","href":"https:\/\/api.w.org\/{rel}","templated":true}]}}