{"id":390,"date":"2021-07-27T20:42:00","date_gmt":"2021-07-27T17:42:00","guid":{"rendered":"https:\/\/solutionsteps.wordpress.com\/?page_id=390"},"modified":"2023-03-19T13:24:33","modified_gmt":"2023-03-19T13:24:33","slug":"pariterapia","status":"publish","type":"page","link":"https:\/\/solutionsteps.fi\/index.php\/pariterapia\/","title":{"rendered":"Pariterapia"},"content":{"rendered":"<div class=\"wp-block-image\">\n<figure class=\"alignright size-large is-resized\"><img loading=\"lazy\" decoding=\"async\" src=\"https:\/\/solutionsteps.files.wordpress.com\/2021\/07\/hands-1150073_640.jpg?w=640\" alt=\"\" class=\"wp-image-401\" width=\"149\" height=\"99\" srcset=\"https:\/\/solutionsteps.fi\/wp-content\/uploads\/2021\/07\/hands-1150073_640.jpg 640w, https:\/\/solutionsteps.fi\/wp-content\/uploads\/2021\/07\/hands-1150073_640-300x200.jpg 300w\" sizes=\"auto, (max-width: 149px) 100vw, 149px\" \/><\/figure>\n<\/div>\n\n\n<p class=\"has-light-gray-background-color has-background has-small-font-size\">\u201dYhdess\u00e4 kuljettu polku yhdist\u00e4\u00e4\u201d<\/p>\n\n\n\n<p class=\"has-light-gray-background-color has-background has-small-font-size\">Ratkaisukeskeisess\u00e4 pariterapiassa keskityt\u00e4\u00e4n voimavaroihin ja toimivien ratkaisujen etsimiseen ja l\u00f6yt\u00e4miseen. Asiakkaita kannustetaankin tarkastelemaan omaa tilannetta erilaisten ratkaisujen ja n\u00e4k\u00f6kulmien vinkkelist\u00e4. Tavoitteiden tukemisessa tuetaan ja autetaan my\u00f6s n\u00e4kem\u00e4\u00e4n ja tunnistamaan ne tekij\u00e4t, jotka est\u00e4v\u00e4t tavoitteiden toteutumista.<\/p>\n\n\n\n<p class=\"has-light-gray-background-color has-background has-small-font-size\">Ratkaisukeskeinen pariterapia on k\u00e4yt\u00e4nn\u00f6nl\u00e4heist\u00e4 ja usein my\u00f6s lyhytkestoista.<\/p>\n\n\n\n<p class=\"has-dark-gray-color has-light-gray-background-color has-text-color has-background has-small-font-size\">Pariterapiassa pyrit\u00e4\u00e4n lujittamaan kesken\u00e4ist\u00e4 tunnesuhdetta, lis\u00e4\u00e4m\u00e4\u00e4n luottamusta ja turvallisuuden tunnetta. Terapeutti auttaa tunnistamaan negatiivisia vuorovaikutuksen kehi\u00e4 ja edesauttaa korjaavien tunnekokemusten esille tuomisessa.<\/p>\n\n\n\n<figure class=\"wp-block-image size-full is-resized\"><img loading=\"lazy\" decoding=\"async\" src=\"https:\/\/solutionsteps.fi\/wp-content\/uploads\/2023\/03\/rose-2321513_640.jpg\" alt=\"\" class=\"wp-image-898\" width=\"396\" height=\"264\" srcset=\"https:\/\/solutionsteps.fi\/wp-content\/uploads\/2023\/03\/rose-2321513_640.jpg 640w, https:\/\/solutionsteps.fi\/wp-content\/uploads\/2023\/03\/rose-2321513_640-300x200.jpg 300w\" sizes=\"auto, (max-width: 396px) 100vw, 396px\" \/><\/figure>\n","protected":false},"excerpt":{"rendered":"<p>\u201dYhdess\u00e4 kuljettu polku yhdist\u00e4\u00e4\u201d Ratkaisukeskeisess\u00e4 pariterapiassa keskityt\u00e4\u00e4n voimavaroihin ja toimivien ratkaisujen etsimiseen ja l\u00f6yt\u00e4miseen. Asiakkaita kannustetaankin tarkastelemaan omaa tilannetta erilaisten ratkaisujen ja n\u00e4k\u00f6kulmien vinkkelist\u00e4. Tavoitteiden tukemisessa tuetaan ja autetaan my\u00f6s n\u00e4kem\u00e4\u00e4n ja tunnistamaan ne tekij\u00e4t, jotka est\u00e4v\u00e4t tavoitteiden toteutumista. Ratkaisukeskeinen pariterapia on k\u00e4yt\u00e4nn\u00f6nl\u00e4heist\u00e4 ja usein my\u00f6s lyhytkestoista. Pariterapiassa pyrit\u00e4\u00e4n lujittamaan kesken\u00e4ist\u00e4 tunnesuhdetta, lis\u00e4\u00e4m\u00e4\u00e4n luottamusta ja &hellip; <a href=\"https:\/\/solutionsteps.fi\/index.php\/pariterapia\/\" class=\"more-link\">Jatka artikkeliin <span class=\"screen-reader-text\">Pariterapia<\/span><\/a><\/p>\n","protected":false},"author":1,"featured_media":0,"parent":0,"menu_order":0,"comment_status":"closed","ping_status":"closed","template":"","meta":{"footnotes":""},"class_list":["post-390","page","type-page","status-publish","hentry"],"yoast_head":"<!-- This site is optimized with the Yoast SEO plugin v27.4 - https:\/\/yoast.com\/product\/yoast-seo-wordpress\/ -->\n<title>Pariterapia - Solution Steps<\/title>\n<meta name=\"robots\" content=\"index, follow, max-snippet:-1, max-image-preview:large, max-video-preview:-1\" \/>\n<link rel=\"canonical\" href=\"https:\/\/solutionsteps.fi\/index.php\/pariterapia\/\" \/>\n<meta property=\"og:locale\" content=\"fi_FI\" \/>\n<meta property=\"og:type\" content=\"article\" \/>\n<meta property=\"og:title\" content=\"Pariterapia - Solution Steps\" \/>\n<meta property=\"og:description\" content=\"\u201dYhdess\u00e4 kuljettu polku yhdist\u00e4\u00e4\u201d Ratkaisukeskeisess\u00e4 pariterapiassa keskityt\u00e4\u00e4n voimavaroihin ja toimivien ratkaisujen etsimiseen ja l\u00f6yt\u00e4miseen. Asiakkaita kannustetaankin tarkastelemaan omaa tilannetta erilaisten ratkaisujen ja n\u00e4k\u00f6kulmien vinkkelist\u00e4. Tavoitteiden tukemisessa tuetaan ja autetaan my\u00f6s n\u00e4kem\u00e4\u00e4n ja tunnistamaan ne tekij\u00e4t, jotka est\u00e4v\u00e4t tavoitteiden toteutumista. Ratkaisukeskeinen pariterapia on k\u00e4yt\u00e4nn\u00f6nl\u00e4heist\u00e4 ja usein my\u00f6s lyhytkestoista. Pariterapiassa pyrit\u00e4\u00e4n lujittamaan kesken\u00e4ist\u00e4 tunnesuhdetta, lis\u00e4\u00e4m\u00e4\u00e4n luottamusta ja &hellip; Jatka artikkeliin Pariterapia\" \/>\n<meta property=\"og:url\" content=\"https:\/\/solutionsteps.fi\/index.php\/pariterapia\/\" \/>\n<meta property=\"og:site_name\" content=\"Solution Steps\" \/>\n<meta property=\"article:modified_time\" content=\"2023-03-19T13:24:33+00:00\" \/>\n<meta property=\"og:image\" content=\"https:\/\/solutionsteps.files.wordpress.com\/2021\/07\/hands-1150073_640.jpg?w=640\" \/>\n<meta name=\"twitter:card\" content=\"summary_large_image\" \/>\n<meta name=\"twitter:label1\" content=\"Arvioitu lukuaika\" \/>\n\t<meta name=\"twitter:data1\" content=\"1 minuutti\" \/>\n<script type=\"application\/ld+json\" class=\"yoast-schema-graph\">{\"@context\":\"https:\\\/\\\/schema.org\",\"@graph\":[{\"@type\":\"WebPage\",\"@id\":\"https:\\\/\\\/solutionsteps.fi\\\/index.php\\\/pariterapia\\\/\",\"url\":\"https:\\\/\\\/solutionsteps.fi\\\/index.php\\\/pariterapia\\\/\",\"name\":\"Pariterapia - Solution Steps\",\"isPartOf\":{\"@id\":\"https:\\\/\\\/solutionsteps.fi\\\/#website\"},\"primaryImageOfPage\":{\"@id\":\"https:\\\/\\\/solutionsteps.fi\\\/index.php\\\/pariterapia\\\/#primaryimage\"},\"image\":{\"@id\":\"https:\\\/\\\/solutionsteps.fi\\\/index.php\\\/pariterapia\\\/#primaryimage\"},\"thumbnailUrl\":\"https:\\\/\\\/solutionsteps.files.wordpress.com\\\/2021\\\/07\\\/hands-1150073_640.jpg?w=640\",\"datePublished\":\"2021-07-27T17:42:00+00:00\",\"dateModified\":\"2023-03-19T13:24:33+00:00\",\"breadcrumb\":{\"@id\":\"https:\\\/\\\/solutionsteps.fi\\\/index.php\\\/pariterapia\\\/#breadcrumb\"},\"inLanguage\":\"fi\",\"potentialAction\":[{\"@type\":\"ReadAction\",\"target\":[\"https:\\\/\\\/solutionsteps.fi\\\/index.php\\\/pariterapia\\\/\"]}]},{\"@type\":\"ImageObject\",\"inLanguage\":\"fi\",\"@id\":\"https:\\\/\\\/solutionsteps.fi\\\/index.php\\\/pariterapia\\\/#primaryimage\",\"url\":\"https:\\\/\\\/solutionsteps.files.wordpress.com\\\/2021\\\/07\\\/hands-1150073_640.jpg?w=640\",\"contentUrl\":\"https:\\\/\\\/solutionsteps.files.wordpress.com\\\/2021\\\/07\\\/hands-1150073_640.jpg?w=640\"},{\"@type\":\"BreadcrumbList\",\"@id\":\"https:\\\/\\\/solutionsteps.fi\\\/index.php\\\/pariterapia\\\/#breadcrumb\",\"itemListElement\":[{\"@type\":\"ListItem\",\"position\":1,\"name\":\"Etusivu\",\"item\":\"https:\\\/\\\/solutionsteps.fi\\\/\"},{\"@type\":\"ListItem\",\"position\":2,\"name\":\"Pariterapia\"}]},{\"@type\":\"WebSite\",\"@id\":\"https:\\\/\\\/solutionsteps.fi\\\/#website\",\"url\":\"https:\\\/\\\/solutionsteps.fi\\\/\",\"name\":\"Solution Steps\",\"description\":\"Terapia ja hyvinvointipalvelut\",\"potentialAction\":[{\"@type\":\"SearchAction\",\"target\":{\"@type\":\"EntryPoint\",\"urlTemplate\":\"https:\\\/\\\/solutionsteps.fi\\\/?s={search_term_string}\"},\"query-input\":{\"@type\":\"PropertyValueSpecification\",\"valueRequired\":true,\"valueName\":\"search_term_string\"}}],\"inLanguage\":\"fi\"}]}<\/script>\n<!-- \/ Yoast SEO plugin. -->","yoast_head_json":{"title":"Pariterapia - Solution Steps","robots":{"index":"index","follow":"follow","max-snippet":"max-snippet:-1","max-image-preview":"max-image-preview:large","max-video-preview":"max-video-preview:-1"},"canonical":"https:\/\/solutionsteps.fi\/index.php\/pariterapia\/","og_locale":"fi_FI","og_type":"article","og_title":"Pariterapia - Solution Steps","og_description":"\u201dYhdess\u00e4 kuljettu polku yhdist\u00e4\u00e4\u201d Ratkaisukeskeisess\u00e4 pariterapiassa keskityt\u00e4\u00e4n voimavaroihin ja toimivien ratkaisujen etsimiseen ja l\u00f6yt\u00e4miseen. Asiakkaita kannustetaankin tarkastelemaan omaa tilannetta erilaisten ratkaisujen ja n\u00e4k\u00f6kulmien vinkkelist\u00e4. Tavoitteiden tukemisessa tuetaan ja autetaan my\u00f6s n\u00e4kem\u00e4\u00e4n ja tunnistamaan ne tekij\u00e4t, jotka est\u00e4v\u00e4t tavoitteiden toteutumista. Ratkaisukeskeinen pariterapia on k\u00e4yt\u00e4nn\u00f6nl\u00e4heist\u00e4 ja usein my\u00f6s lyhytkestoista. Pariterapiassa pyrit\u00e4\u00e4n lujittamaan kesken\u00e4ist\u00e4 tunnesuhdetta, lis\u00e4\u00e4m\u00e4\u00e4n luottamusta ja &hellip; Jatka artikkeliin Pariterapia","og_url":"https:\/\/solutionsteps.fi\/index.php\/pariterapia\/","og_site_name":"Solution Steps","article_modified_time":"2023-03-19T13:24:33+00:00","og_image":[{"url":"https:\/\/solutionsteps.files.wordpress.com\/2021\/07\/hands-1150073_640.jpg?w=640","type":"","width":"","height":""}],"twitter_card":"summary_large_image","twitter_misc":{"Arvioitu lukuaika":"1 minuutti"},"schema":{"@context":"https:\/\/schema.org","@graph":[{"@type":"WebPage","@id":"https:\/\/solutionsteps.fi\/index.php\/pariterapia\/","url":"https:\/\/solutionsteps.fi\/index.php\/pariterapia\/","name":"Pariterapia - Solution Steps","isPartOf":{"@id":"https:\/\/solutionsteps.fi\/#website"},"primaryImageOfPage":{"@id":"https:\/\/solutionsteps.fi\/index.php\/pariterapia\/#primaryimage"},"image":{"@id":"https:\/\/solutionsteps.fi\/index.php\/pariterapia\/#primaryimage"},"thumbnailUrl":"https:\/\/solutionsteps.files.wordpress.com\/2021\/07\/hands-1150073_640.jpg?w=640","datePublished":"2021-07-27T17:42:00+00:00","dateModified":"2023-03-19T13:24:33+00:00","breadcrumb":{"@id":"https:\/\/solutionsteps.fi\/index.php\/pariterapia\/#breadcrumb"},"inLanguage":"fi","potentialAction":[{"@type":"ReadAction","target":["https:\/\/solutionsteps.fi\/index.php\/pariterapia\/"]}]},{"@type":"ImageObject","inLanguage":"fi","@id":"https:\/\/solutionsteps.fi\/index.php\/pariterapia\/#primaryimage","url":"https:\/\/solutionsteps.files.wordpress.com\/2021\/07\/hands-1150073_640.jpg?w=640","contentUrl":"https:\/\/solutionsteps.files.wordpress.com\/2021\/07\/hands-1150073_640.jpg?w=640"},{"@type":"BreadcrumbList","@id":"https:\/\/solutionsteps.fi\/index.php\/pariterapia\/#breadcrumb","itemListElement":[{"@type":"ListItem","position":1,"name":"Etusivu","item":"https:\/\/solutionsteps.fi\/"},{"@type":"ListItem","position":2,"name":"Pariterapia"}]},{"@type":"WebSite","@id":"https:\/\/solutionsteps.fi\/#website","url":"https:\/\/solutionsteps.fi\/","name":"Solution Steps","description":"Terapia ja hyvinvointipalvelut","potentialAction":[{"@type":"SearchAction","target":{"@type":"EntryPoint","urlTemplate":"https:\/\/solutionsteps.fi\/?s={search_term_string}"},"query-input":{"@type":"PropertyValueSpecification","valueRequired":true,"valueName":"search_term_string"}}],"inLanguage":"fi"}]}},"_links":{"self":[{"href":"https:\/\/solutionsteps.fi\/index.php\/wp-json\/wp\/v2\/pages\/390","targetHints":{"allow":["GET"]}}],"collection":[{"href":"https:\/\/solutionsteps.fi\/index.php\/wp-json\/wp\/v2\/pages"}],"about":[{"href":"https:\/\/solutionsteps.fi\/index.php\/wp-json\/wp\/v2\/types\/page"}],"author":[{"embeddable":true,"href":"https:\/\/solutionsteps.fi\/index.php\/wp-json\/wp\/v2\/users\/1"}],"replies":[{"embeddable":true,"href":"https:\/\/solutionsteps.fi\/index.php\/wp-json\/wp\/v2\/comments?post=390"}],"version-history":[{"count":1,"href":"https:\/\/solutionsteps.fi\/index.php\/wp-json\/wp\/v2\/pages\/390\/revisions"}],"predecessor-version":[{"id":924,"href":"https:\/\/solutionsteps.fi\/index.php\/wp-json\/wp\/v2\/pages\/390\/revisions\/924"}],"wp:attachment":[{"href":"https:\/\/solutionsteps.fi\/index.php\/wp-json\/wp\/v2\/media?parent=390"}],"curies":[{"name":"wp","href":"https:\/\/api.w.org\/{rel}","templated":true}]}}