{"id":250,"date":"2021-07-05T21:15:38","date_gmt":"2021-07-05T18:15:38","guid":{"rendered":"https:\/\/solutionsteps.wordpress.com\/?page_id=250"},"modified":"2022-03-07T11:06:04","modified_gmt":"2022-03-07T11:06:04","slug":"aanihoito","status":"publish","type":"page","link":"https:\/\/solutionsteps.fi\/index.php\/aanihoito\/","title":{"rendered":"\u00c4\u00e4nimaljahoito"},"content":{"rendered":"\n<figure class=\"wp-block-image size-medium\"><img loading=\"lazy\" decoding=\"async\" width=\"211\" height=\"300\" src=\"https:\/\/solutionsteps.fi\/wp-content\/uploads\/2021\/09\/20210802_234105-211x300.jpg\" alt=\"\" class=\"wp-image-410\" srcset=\"https:\/\/solutionsteps.fi\/wp-content\/uploads\/2021\/09\/20210802_234105-211x300.jpg 211w, https:\/\/solutionsteps.fi\/wp-content\/uploads\/2021\/09\/20210802_234105-722x1024.jpg 722w, https:\/\/solutionsteps.fi\/wp-content\/uploads\/2021\/09\/20210802_234105-768x1090.jpg 768w, https:\/\/solutionsteps.fi\/wp-content\/uploads\/2021\/09\/20210802_234105-1083x1536.jpg 1083w, https:\/\/solutionsteps.fi\/wp-content\/uploads\/2021\/09\/20210802_234105-1444x2048.jpg 1444w, https:\/\/solutionsteps.fi\/wp-content\/uploads\/2021\/09\/20210802_234105-1568x2224.jpg 1568w, https:\/\/solutionsteps.fi\/wp-content\/uploads\/2021\/09\/20210802_234105-scaled.jpg 1805w\" sizes=\"auto, (max-width: 211px) 100vw, 211px\" \/><\/figure>\n\n\n\n<p class=\"has-light-gray-background-color has-background has-small-font-size\">\u00c4\u00e4nimaljahoito on syv\u00e4rentoutusmenetelm\u00e4, jonka vaikutus perustuu resonassiin eli my\u00f6t\u00e4v\u00e4r\u00e4htelyyn, sek\u00e4 \u00e4\u00e4niaaltoihin. \u00c4\u00e4nihieronta saa kehomme yli sata triljoonaa solua v\u00e4r\u00e4htelem\u00e4\u00e4n. Hoidossa malja asetetaan kehon p\u00e4\u00e4lle ja annetaan \u00e4\u00e4nen resonoida ja hoitaa&nbsp; kehoa, mielt\u00e4 ja sielua. \u00c4\u00e4nihoitoon voit tulla, kun koet kaipaavasi rauhoittumista ja kontaktia sis\u00e4iseen \u00e4\u00e4neesi. \u00c4\u00e4nihoidosta saat helpotusta, jos olet stressaantunut, tarvitset syv\u00e4rentoutusta, koet ahdistusta, unettomuutta tai j\u00e4nnityst\u00e4 kehossasi. \u00c4\u00e4nimaljahoidossa asiakas makaa hoitop\u00f6yd\u00f6ll\u00e4 p\u00e4in- ja selinmakuulla. Kulhoja soitetaan keholla ja kehon yl\u00e4puolella.<\/p>\n\n\n\n<p class=\"has-light-gray-background-color has-background has-small-font-size\"> Hoidossa k\u00e4yd\u00e4\u00e4n l\u00e4pi koko keho. Tule hoitoon vaatteissa, joissa sinun on mukava olla.<\/p>\n\n\n\n<p class=\"has-light-gray-background-color has-background has-small-font-size\">\u00c4\u00e4nimaljahoito vaikuttaa parasympaattisen eli lepohermoston aktivoitumiseen ja  sympaattisen eli stressihermoston rauhoittumiseen. Hermoston toiminnan tasapainottumisen my\u00f6t\u00e4 saatetaan keho ik\u00e4\u00e4nkuin nollatilaan, jossa kehon omat paranemismekanismit voivat k\u00e4ynnisty\u00e4. \u00c4\u00e4nimaljat sis\u00e4lt\u00e4v\u00e4t paljon<br>yl\u00e4-\u00e4\u00e4ni\u00e4, jotka ovat harmonisia. Harmoniset \u00e4\u00e4net saavat onnellisuutta lis\u00e4\u00e4v\u00e4n limbisen j\u00e4rjestelm\u00e4mme aktivoitumaan. Limbinen j\u00e4rjestelm\u00e4<br>ohjaa tunteidemme s\u00e4\u00e4tely\u00e4 ja oppimista. Muistomme ja kokemuksemme ovat my\u00f6s tallentuneina t\u00e4h\u00e4n j\u00e4rjestelm\u00e4\u00e4n, joten vanha jo unohtunutkin muisto saattaa nousta tietoisuuteen ja pinnalle. Tutkimusten mukaan 40hz on talamustaajuus, jossa hermosolut t\u00e4ll\u00e4 alueella v\u00e4r\u00e4hteliv\u00e4t. T\u00e4rkein teht\u00e4v\u00e4 talamuksella on valikoivan tarkkaavaisuuden s\u00e4\u00e4telyss\u00e4.<\/p>\n\n\n\n<p class=\"has-light-gray-background-color has-background has-small-font-size\">Tasapainoisen ja rentoutuneen kehon ja mielen my\u00f6t\u00e4 ihmisen voimavarat vahvistuvat ja keskittymiskyky, oppiminen ja luovuus lis\u00e4\u00e4ntyv\u00e4t.<\/p>\n\n\n\n<p class=\"has-light-gray-background-color has-background has-small-font-size\">\u00c4\u00e4nimaljahoidon vaikutuksia:<br>Verenpaineen lasku ja syd\u00e4men sykkeen hidastuminen<br>Suolen toiminnan tehostuminen<br>Unenlaadun parantuminen<br>Virkeyden lis\u00e4\u00e4ntyminen<br>Levollisuuden, tasapainoisuuden, itsehallinnan ja itsetuntemuksen parantuminen<br>Lihasj\u00e4nnitysten helpottuminen<\/p>\n\n\n\n<p><\/p>\n\n\n\n<p class=\"has-light-gray-background-color has-background has-small-font-size\">\u00c4\u00e4nimaljahoito: 60 e\/60 min<\/p>\n","protected":false},"excerpt":{"rendered":"<p>\u00c4\u00e4nimaljahoito on syv\u00e4rentoutusmenetelm\u00e4, jonka vaikutus perustuu resonassiin eli my\u00f6t\u00e4v\u00e4r\u00e4htelyyn, sek\u00e4 \u00e4\u00e4niaaltoihin. \u00c4\u00e4nihieronta saa kehomme yli sata triljoonaa solua v\u00e4r\u00e4htelem\u00e4\u00e4n. Hoidossa malja asetetaan kehon p\u00e4\u00e4lle ja annetaan \u00e4\u00e4nen resonoida ja hoitaa&nbsp; kehoa, mielt\u00e4 ja sielua. \u00c4\u00e4nihoitoon voit tulla, kun koet kaipaavasi rauhoittumista ja kontaktia sis\u00e4iseen \u00e4\u00e4neesi. \u00c4\u00e4nihoidosta saat helpotusta, jos olet stressaantunut, tarvitset syv\u00e4rentoutusta, koet ahdistusta, &hellip; <a href=\"https:\/\/solutionsteps.fi\/index.php\/aanihoito\/\" class=\"more-link\">Jatka artikkeliin <span class=\"screen-reader-text\">\u00c4\u00e4nimaljahoito<\/span><\/a><\/p>\n","protected":false},"author":1,"featured_media":0,"parent":0,"menu_order":0,"comment_status":"closed","ping_status":"closed","template":"","meta":{"footnotes":""},"class_list":["post-250","page","type-page","status-publish","hentry"],"yoast_head":"<!-- This site is optimized with the Yoast SEO plugin v27.4 - https:\/\/yoast.com\/product\/yoast-seo-wordpress\/ -->\n<title>\u00c4\u00e4nimaljahoito - Solution Steps<\/title>\n<meta name=\"robots\" content=\"index, follow, max-snippet:-1, max-image-preview:large, max-video-preview:-1\" \/>\n<link rel=\"canonical\" href=\"https:\/\/solutionsteps.fi\/index.php\/aanihoito\/\" \/>\n<meta property=\"og:locale\" content=\"fi_FI\" \/>\n<meta property=\"og:type\" content=\"article\" \/>\n<meta property=\"og:title\" content=\"\u00c4\u00e4nimaljahoito - Solution Steps\" \/>\n<meta property=\"og:description\" content=\"\u00c4\u00e4nimaljahoito on syv\u00e4rentoutusmenetelm\u00e4, jonka vaikutus perustuu resonassiin eli my\u00f6t\u00e4v\u00e4r\u00e4htelyyn, sek\u00e4 \u00e4\u00e4niaaltoihin. \u00c4\u00e4nihieronta saa kehomme yli sata triljoonaa solua v\u00e4r\u00e4htelem\u00e4\u00e4n. Hoidossa malja asetetaan kehon p\u00e4\u00e4lle ja annetaan \u00e4\u00e4nen resonoida ja hoitaa&nbsp; kehoa, mielt\u00e4 ja sielua. \u00c4\u00e4nihoitoon voit tulla, kun koet kaipaavasi rauhoittumista ja kontaktia sis\u00e4iseen \u00e4\u00e4neesi. \u00c4\u00e4nihoidosta saat helpotusta, jos olet stressaantunut, tarvitset syv\u00e4rentoutusta, koet ahdistusta, &hellip; Jatka artikkeliin \u00c4\u00e4nimaljahoito\" \/>\n<meta property=\"og:url\" content=\"https:\/\/solutionsteps.fi\/index.php\/aanihoito\/\" \/>\n<meta property=\"og:site_name\" content=\"Solution Steps\" \/>\n<meta property=\"article:modified_time\" content=\"2022-03-07T11:06:04+00:00\" \/>\n<meta property=\"og:image\" content=\"https:\/\/solutionsteps.fi\/wp-content\/uploads\/2021\/09\/20210802_234105-211x300.jpg\" \/>\n<meta name=\"twitter:card\" content=\"summary_large_image\" \/>\n<meta name=\"twitter:label1\" content=\"Arvioitu lukuaika\" \/>\n\t<meta name=\"twitter:data1\" content=\"2 minuuttia\" \/>\n<script type=\"application\/ld+json\" class=\"yoast-schema-graph\">{\"@context\":\"https:\\\/\\\/schema.org\",\"@graph\":[{\"@type\":\"WebPage\",\"@id\":\"https:\\\/\\\/solutionsteps.fi\\\/index.php\\\/aanihoito\\\/\",\"url\":\"https:\\\/\\\/solutionsteps.fi\\\/index.php\\\/aanihoito\\\/\",\"name\":\"\u00c4\u00e4nimaljahoito - Solution Steps\",\"isPartOf\":{\"@id\":\"https:\\\/\\\/solutionsteps.fi\\\/#website\"},\"primaryImageOfPage\":{\"@id\":\"https:\\\/\\\/solutionsteps.fi\\\/index.php\\\/aanihoito\\\/#primaryimage\"},\"image\":{\"@id\":\"https:\\\/\\\/solutionsteps.fi\\\/index.php\\\/aanihoito\\\/#primaryimage\"},\"thumbnailUrl\":\"https:\\\/\\\/solutionsteps.fi\\\/wp-content\\\/uploads\\\/2021\\\/09\\\/20210802_234105-211x300.jpg\",\"datePublished\":\"2021-07-05T18:15:38+00:00\",\"dateModified\":\"2022-03-07T11:06:04+00:00\",\"breadcrumb\":{\"@id\":\"https:\\\/\\\/solutionsteps.fi\\\/index.php\\\/aanihoito\\\/#breadcrumb\"},\"inLanguage\":\"fi\",\"potentialAction\":[{\"@type\":\"ReadAction\",\"target\":[\"https:\\\/\\\/solutionsteps.fi\\\/index.php\\\/aanihoito\\\/\"]}]},{\"@type\":\"ImageObject\",\"inLanguage\":\"fi\",\"@id\":\"https:\\\/\\\/solutionsteps.fi\\\/index.php\\\/aanihoito\\\/#primaryimage\",\"url\":\"https:\\\/\\\/solutionsteps.fi\\\/wp-content\\\/uploads\\\/2021\\\/09\\\/20210802_234105-scaled.jpg\",\"contentUrl\":\"https:\\\/\\\/solutionsteps.fi\\\/wp-content\\\/uploads\\\/2021\\\/09\\\/20210802_234105-scaled.jpg\",\"width\":1805,\"height\":2560},{\"@type\":\"BreadcrumbList\",\"@id\":\"https:\\\/\\\/solutionsteps.fi\\\/index.php\\\/aanihoito\\\/#breadcrumb\",\"itemListElement\":[{\"@type\":\"ListItem\",\"position\":1,\"name\":\"Etusivu\",\"item\":\"https:\\\/\\\/solutionsteps.fi\\\/\"},{\"@type\":\"ListItem\",\"position\":2,\"name\":\"\u00c4\u00e4nimaljahoito\"}]},{\"@type\":\"WebSite\",\"@id\":\"https:\\\/\\\/solutionsteps.fi\\\/#website\",\"url\":\"https:\\\/\\\/solutionsteps.fi\\\/\",\"name\":\"Solution Steps\",\"description\":\"Terapia ja hyvinvointipalvelut\",\"potentialAction\":[{\"@type\":\"SearchAction\",\"target\":{\"@type\":\"EntryPoint\",\"urlTemplate\":\"https:\\\/\\\/solutionsteps.fi\\\/?s={search_term_string}\"},\"query-input\":{\"@type\":\"PropertyValueSpecification\",\"valueRequired\":true,\"valueName\":\"search_term_string\"}}],\"inLanguage\":\"fi\"}]}<\/script>\n<!-- \/ Yoast SEO plugin. -->","yoast_head_json":{"title":"\u00c4\u00e4nimaljahoito - Solution Steps","robots":{"index":"index","follow":"follow","max-snippet":"max-snippet:-1","max-image-preview":"max-image-preview:large","max-video-preview":"max-video-preview:-1"},"canonical":"https:\/\/solutionsteps.fi\/index.php\/aanihoito\/","og_locale":"fi_FI","og_type":"article","og_title":"\u00c4\u00e4nimaljahoito - Solution Steps","og_description":"\u00c4\u00e4nimaljahoito on syv\u00e4rentoutusmenetelm\u00e4, jonka vaikutus perustuu resonassiin eli my\u00f6t\u00e4v\u00e4r\u00e4htelyyn, sek\u00e4 \u00e4\u00e4niaaltoihin. \u00c4\u00e4nihieronta saa kehomme yli sata triljoonaa solua v\u00e4r\u00e4htelem\u00e4\u00e4n. Hoidossa malja asetetaan kehon p\u00e4\u00e4lle ja annetaan \u00e4\u00e4nen resonoida ja hoitaa&nbsp; kehoa, mielt\u00e4 ja sielua. \u00c4\u00e4nihoitoon voit tulla, kun koet kaipaavasi rauhoittumista ja kontaktia sis\u00e4iseen \u00e4\u00e4neesi. \u00c4\u00e4nihoidosta saat helpotusta, jos olet stressaantunut, tarvitset syv\u00e4rentoutusta, koet ahdistusta, &hellip; Jatka artikkeliin \u00c4\u00e4nimaljahoito","og_url":"https:\/\/solutionsteps.fi\/index.php\/aanihoito\/","og_site_name":"Solution Steps","article_modified_time":"2022-03-07T11:06:04+00:00","og_image":[{"url":"https:\/\/solutionsteps.fi\/wp-content\/uploads\/2021\/09\/20210802_234105-211x300.jpg","type":"","width":"","height":""}],"twitter_card":"summary_large_image","twitter_misc":{"Arvioitu lukuaika":"2 minuuttia"},"schema":{"@context":"https:\/\/schema.org","@graph":[{"@type":"WebPage","@id":"https:\/\/solutionsteps.fi\/index.php\/aanihoito\/","url":"https:\/\/solutionsteps.fi\/index.php\/aanihoito\/","name":"\u00c4\u00e4nimaljahoito - Solution Steps","isPartOf":{"@id":"https:\/\/solutionsteps.fi\/#website"},"primaryImageOfPage":{"@id":"https:\/\/solutionsteps.fi\/index.php\/aanihoito\/#primaryimage"},"image":{"@id":"https:\/\/solutionsteps.fi\/index.php\/aanihoito\/#primaryimage"},"thumbnailUrl":"https:\/\/solutionsteps.fi\/wp-content\/uploads\/2021\/09\/20210802_234105-211x300.jpg","datePublished":"2021-07-05T18:15:38+00:00","dateModified":"2022-03-07T11:06:04+00:00","breadcrumb":{"@id":"https:\/\/solutionsteps.fi\/index.php\/aanihoito\/#breadcrumb"},"inLanguage":"fi","potentialAction":[{"@type":"ReadAction","target":["https:\/\/solutionsteps.fi\/index.php\/aanihoito\/"]}]},{"@type":"ImageObject","inLanguage":"fi","@id":"https:\/\/solutionsteps.fi\/index.php\/aanihoito\/#primaryimage","url":"https:\/\/solutionsteps.fi\/wp-content\/uploads\/2021\/09\/20210802_234105-scaled.jpg","contentUrl":"https:\/\/solutionsteps.fi\/wp-content\/uploads\/2021\/09\/20210802_234105-scaled.jpg","width":1805,"height":2560},{"@type":"BreadcrumbList","@id":"https:\/\/solutionsteps.fi\/index.php\/aanihoito\/#breadcrumb","itemListElement":[{"@type":"ListItem","position":1,"name":"Etusivu","item":"https:\/\/solutionsteps.fi\/"},{"@type":"ListItem","position":2,"name":"\u00c4\u00e4nimaljahoito"}]},{"@type":"WebSite","@id":"https:\/\/solutionsteps.fi\/#website","url":"https:\/\/solutionsteps.fi\/","name":"Solution Steps","description":"Terapia ja hyvinvointipalvelut","potentialAction":[{"@type":"SearchAction","target":{"@type":"EntryPoint","urlTemplate":"https:\/\/solutionsteps.fi\/?s={search_term_string}"},"query-input":{"@type":"PropertyValueSpecification","valueRequired":true,"valueName":"search_term_string"}}],"inLanguage":"fi"}]}},"_links":{"self":[{"href":"https:\/\/solutionsteps.fi\/index.php\/wp-json\/wp\/v2\/pages\/250","targetHints":{"allow":["GET"]}}],"collection":[{"href":"https:\/\/solutionsteps.fi\/index.php\/wp-json\/wp\/v2\/pages"}],"about":[{"href":"https:\/\/solutionsteps.fi\/index.php\/wp-json\/wp\/v2\/types\/page"}],"author":[{"embeddable":true,"href":"https:\/\/solutionsteps.fi\/index.php\/wp-json\/wp\/v2\/users\/1"}],"replies":[{"embeddable":true,"href":"https:\/\/solutionsteps.fi\/index.php\/wp-json\/wp\/v2\/comments?post=250"}],"version-history":[{"count":1,"href":"https:\/\/solutionsteps.fi\/index.php\/wp-json\/wp\/v2\/pages\/250\/revisions"}],"predecessor-version":[{"id":857,"href":"https:\/\/solutionsteps.fi\/index.php\/wp-json\/wp\/v2\/pages\/250\/revisions\/857"}],"wp:attachment":[{"href":"https:\/\/solutionsteps.fi\/index.php\/wp-json\/wp\/v2\/media?parent=250"}],"curies":[{"name":"wp","href":"https:\/\/api.w.org\/{rel}","templated":true}]}}